alse
Is (-4644)/144 + 32 + 2045309/4 prime?
True
Is -9 + 9 - 10 - -103063 a prime number?
False
Suppose 2*u + 7*t = 6*t + 5, -7 = -5*u + 3*t. Suppose u*s = b + 11325 + 3581, -3*b - 7453 = -s. Is s a composite number?
True
Let h = -2722304 - -3935353. Is h composite?
False
Let y(w) = -513*w**3 + 10*w**2 + 93*w + 361. Is y(-5) a prime number?
True
Suppose 0 = -12*a + 24. Let n(t) = -t. Let v(y) = -1391*y - 15. Let i(h) = a*n(h) + v(h). Is i(-2) prime?
False
Suppose 42*h + 29*h = 2815931. Is h a prime number?
False
Suppose 16*j - 11*j = -5*v + 15, 0 = 2*v + 10. Is (-8 + j + 1)*15427 composite?
False
Let r = 47943 - -6208. Is r composite?
False
Let p(c) = 8*c**2 + 4*c**2 - 20 + 11*c - 7 + 6*c**2 - c**3. Let y(o) = o + 5. Let w be y(3). Is p(w) composite?
False
Suppose -12674315 = -207*i + 51267778. Is i a composite number?
False
Let l(i) = -3127*i + 341. Is l(-3) a composite number?
True
Let z(r) = 9*r**3 - r**2 + 2*r - 3148. Let v be z(0). Let o = v - -5781. Is o a prime number?
True
Is 84104 + -162 + 17/1 composite?
True
Let b = -1326 - -5591. Suppose 5*p - 2 = 4*j, 0 = -4*p + 2*j + 4. Suppose p*v - b = 741. Is v a composite number?
False
Suppose 4*y + 283 = -3*l, -2*y + l = 28 + 111. Let g = -52 - y. Is ((-10)/(-3))/1*1269/g composite?
True
Suppose -1344675 = 93*i - 7270542. Is i composite?
False
Suppose -54 + 138 = 6*o. Is -6 - 7/o*-1606 a composite number?
False
Suppose 0 = -150*c + 221*c - 1038091. Is c a prime number?
True
Let o(q) = -q**3 + 6*q**2 + 22*q + 15. Let b be o(-9). Suppose 9*j - 4461 = -b. Is j a prime number?
False
Suppose -2*j = 2*w - 4, -4*w + 4*j = -0*j - 8. Let l(p) = 1431*p**2 - p - 4. Let t be l(2). Suppose w*c + 9514 = 7*c + 3*d, -t = -3*c - 5*d. Is c composite?
False
Is (-1650)/770 + (-106695992)/(-28) prime?
False
Let n(z) = 2*z**2 - 8*z - 26. Let s(y) = y**2 - 4*y - 13. Let t(p) = 3*n(p) - 5*s(p). Let i be t(7). Is 42/14 + 106*i prime?
False
Let i = -38 - -37. Let f be -2 + i + -7 + -4. Is (f/(-63))/(8/18)*574 composite?
True
Let h = -621 - -363. Let r = h - -2219. Is r composite?
True
Let f(t) = 3910*t**3 - 8*t**2 + 15*t - 41. Is f(6) a composite number?
False
Suppose 3*w - f = -58690 + 249377, -444933 = -7*w + 4*f. Is w prime?
False
Let a = 1 - -20. Is 1826/3*a/14*1 composite?
True
Let l(c) = -8156*c - 10. Let x = -38 - -49. Let d(g) = 1631*g + 2. Let v(f) = x*d(f) + 2*l(f). Is v(5) a composite number?
False
Let a(b) = b**3 - 4*b**2 + 5*b - 3. Let j be a(3). Let d be (-31)/((-465)/1554)*(4 + 1). Suppose 5*u - j*u = d. Is u composite?
True
Let y(i) be the third derivative of -i**4/24 + 7*i**3/6 + 6*i**2. Let l be y(8). Is -36*15*l + 3 a prime number?
False
Is ((-11405826)/(-18) - -14) + -22 prime?
True
Suppose -140 = -3*t - 863. Let s be (-6850)/(-6) + (-115)/69. Let j = s - t. Is j a prime number?
True
Let c = 157717 + -79924. Is c composite?
True
Let g = 12834 - -16607. Is g prime?
False
Let w = 1216535 - 866086. Is w prime?
False
Let c = 19 - 9. Suppose -215978 = -4*g - c*g. Is g a composite number?
False
Let y(c) = -525*c - 203. Let n(g) = -263*g - 99. Let p(r) = 5*n(r) - 2*y(r). Is p(-7) a composite number?
True
Let r be 12/8 - (-2626)/(-4). Let g = r - -2016. Is g composite?
False
Let u(o) = -7*o**3 + 4*o**2 + 2*o - 4. Let t be u(6). Let z = t - -1935. Suppose -4*a - 5*d = -496, 3*a - 5*d - z = -2*a. Is a a composite number?
True
Let i = -6769 + 8607. Is i a prime number?
False
Let j(y) = 418*y**2 + 57*y + 682. Is j(-21) prime?
True
Suppose -4*a + 55 = 55. Suppose a = 459*z - 451*z - 200. Is z a prime number?
False
Suppose 0 = d + 2, -4*w - 5*d + 20 = 50. Let k(u) = -150*u**3 - 5*u**2 - 12*u - 26. Is k(w) composite?
True
Let p be (-18)/24 + 61365/(-20). Let i = -1702 - p. Is i a prime number?
True
Let q = 80 + -49. Let i be (-9)/6*((-4 - q) + 1). Is (i/(-2))/((-3)/6) composite?
True
Let u = -822 + 1187. Suppose 8*i - u = 2283. Suppose -840 - i = -v. Is v a composite number?
False
Let o(g) = -3*g**2 + 4*g + 64. Let v be o(18). Let j = 2055 + v. Is j composite?
True
Let c(f) = -5986*f + 2415. Is c(-11) prime?
True
Let s(r) = 3*r - 42. Let m be s(11). Let x(z) = 100*z + 20. Let h be x(m). Let l = h - -1731. Is l a composite number?
True
Let c(u) = 5*u**3 + 6*u**2 - 9*u. Let a be c(7). Suppose -2*z + 1511 = 4*b - 411, -4*b - a = -2*z. Is z composite?
False
Suppose 0 = 3*i + 5*d - 533026, -407126 = -4*i - 2*d + 303580. Is i prime?
True
Suppose -4*r - 2491*f + 1927 = -2494*f, -5*f + 476 = r. Is r prime?
False
Let n(c) = c**2 - 11*c + 8. Let k be n(20). Suppose 2 = -2*o, 4*q - 201 - k = -3*o. Suppose q*l + 1508 = 102*l. Is l composite?
True
Suppose -4*k + 4*a = -48, -2*a = 2*k + 2*k - 30. Suppose 2 = -4*b - h + 5, -h + 3 = 0. Suppose b = 6*y - k*y + 165. Is y a composite number?
True
Let s(x) = x**2 + x + 2855. Let t be s(0). Let p(l) = -l**3 - 100*l**2 - 203*l - 680. Let b be p(-98). Suppose z + t = b*z. Is z composite?
False
Let u(r) be the first derivative of -10*r**2 - r + 1. Let b be u(-1). Suppose 0 = 18*t - b*t + 751. Is t a prime number?
True
Suppose 5*n - 10 = -0. Let t = 1687 + -1187. Suppose n*k - 3054 = -t. Is k composite?
False
Let r(k) = -k**3 - 45*k**2 + 43*k - 120. Let n be r(-46). Suppose -n*z - 63192 = -42*z. Is z prime?
True
Let i(c) = 57552*c**2 + 8*c - 3. Is i(1) a prime number?
True
Suppose 2*o = 4*a + 78018, -27 = -3*a - 12. Is o composite?
False
Let c be 1 - (5 - 15/3 - 5). Is (-2429)/(-3*2/c) prime?
False
Is (1517793 - 3) + 2185/95 composite?
True
Let x(p) = 117*p**2 + 16*p - 1. Is x(6) a composite number?
True
Let g(m) = -2*m**2 + 44*m + 904. Let p be g(-13). Let t(b) = 5*b - 13 - 9*b - b**2 - 12*b. Is t(p) prime?
True
Let a(x) = 5*x**2 + 29*x - 1671. Let r(t) = -3*t**2 - 16*t + 836. Let n(o) = -5*a(o) - 9*r(o). Let g(f) = -f. Let c be g(0). Is n(c) prime?
False
Let x(v) be the first derivative of -13*v + 29/3*v**3 + 17 + 1/2*v**4 + 2*v**2. Is x(-14) a prime number?
True
Suppose 19190 = n + f, 5*n - 2*f = 33187 + 62770. Suppose 42*u - 41*u = n. Is u composite?
True
Let r be -1*(1764/8)/7*-2. Let s = r + -61. Suppose 4*d = 4*n - 3*n + 132, s*d - 76 = -2*n. Is d prime?
False
Is 4/32*8552*113 composite?
True
Let h(d) = 11 + d + 5*d - d**3 - 8*d**2 + d + 0*d. Let a be h(-9). Suppose -2*y - a = -199. Is y a prime number?
False
Suppose -d + 5*y = -387914, -2*d + 324*y + 775793 = 321*y. Is d composite?
True
Let i = -2 + -15. Let b = -550 - -480. Let x = i - b. Is x a prime number?
True
Is ((-6839475)/(-60))/(5/8)*2/4 composite?
False
Let u = 117 - 122. Let x be ((-2)/6)/(u/(-15))*981. Let s = -394 - x. Is s prime?
True
Let y = -928 + 7316. Suppose -9*j = -5*j - y. Is j composite?
False
Let s(c) = 61*c**2 + 88*c + 169. Is s(54) a composite number?
True
Let w(s) = -s**3 + 151*s**2 + 1341*s + 557. Is w(120) a composite number?
True
Suppose 79*h - 50616723 = 107324422. Is h a composite number?
True
Is (-22708)/(-3) + 3 - 12/(-18) composite?
False
Let s(u) = -u**3 - u**2 - 2*u - 1. Suppose 3*f + 22 = -4*a, -4*a - 8 = -f + 6. Let p be s(f). Suppose p*d = 2*d + 1285. Is d prime?
True
Suppose -4*d = -935 + 5207. Let m = 86 - d. Let k = m + -531. Is k prime?
False
Let i be 4/3 + (-1)/3. Suppose -i - 13 = -3*u - r, 3*r - 3 = 4*u. Is (609/(-6))/(u/(-6)) prime?
False
Let y(s) = 2411*s**2 - 69*s + 209. Is y(3) prime?
True
Let x(f) = -79221*f**3 + 2*f**2 - 14*f - 41. Is x(-2) a composite number?
True
Let o = -8569 - -12600. Let a = o - 2208. Is a composite?
False
Let q(a) = 19*a + 97. Suppose 0 = -14*l + 19*l - 150. Is q(l) prime?
False
Let f = -357216 - -648635. Is f a composite number?
False
Suppose -51*t + 9008 = 5*h - 54*t, -4*t = h - 1797. Is h composite?
False
Suppose -29 - 181 = -10*g. Suppose 0 = 17*t - g*t + 3932. Is t composite?
False
Suppose 167*p - 169*p = -5*f + 285193, 0 = f + 3*p - 57025. Is f composite?
False
Let i(s) = s**3 + 9*s**2 - 106*s + 211. Is i(32) prime?
True
Let v(j) = -1398*j - 503. Is v(-16) a composite number?
True
Suppose -8*z + 93*z - 10412755 = 0. Is z a composite number?
False
Let m be 21/42*(-4 + 3 - -43043). Suppose 4*f + 4*v - 43000 = 0, 3*f - 5*v - m = f. Is f prime?
True
Let g be 3 + 7651 + 0/(-7). Suppose -3*b - 4*q + g = -8727, 10898 = 2*b - 3*q. Suppose -3*y = -554 - b. Is y prime?
True
Let j(b) = 214*b. Let t be j(-1). Let q(u) = -2*u**3 + 3*u + 409. Let a be q(0). 